pose 0*p - 356 = 4*p. Let v = p - -97. What is the remainder when v is divided by 6?
2
Suppose 2*f - 26 + 36 = 0, 5*a - 5*f = 155. What is the remainder when 27 is divided by a?
1
Suppose 2*r = k + 2, -4*k - 3*r + 17 = 3. Suppose 3*j = 3*n - 102, -5 = k*j + 1. What is the remainder when n is divided by 11?
9
Let s(t) = 69*t - 79 + 151 - 74. Calculate the remainder when s(1) is divided by 17.
16
Let n(v) = -v**3 + 9*v**2 + 6*v - 25. What is the remainder when n(9) is divided by 6?
5
Suppose 5*c - c + 3*o - 65 = 0, -c - 4*o = -26. Suppose 2*t = -8 - 200. What is the remainder when t/(-10)*(-75)/(-30) is divided by c?
12
Suppose 4*y + q - 41 = 6*q, q = -5. Suppose 0 = -y*j + 56. Let l = j + 3. What is the remainder when 67 is divided by l?
16
Let f(a) = a**2 + 16*a + 28. Let w be f(-2). Let m(y) = y**2 - y - 1. What is the remainder when (w - 1) + (-7 - -29) is divided by m(-3)?
10
Calculate the remainder when 95 is divided by (-74)/4*(-8)/16*4.
21
Let x(h) = h**3 - 7*h**2 + 4*h + 12. Let v be x(6). Suppose -2*b - n + 6 = v, 6*n - 5*n = 3*b - 9. What is the remainder when 27 is divided by b?
0
Suppose -3*j + 0*j - 4*u - 42 = 0, -4*j + 5*u - 25 = 0. Let d(p) = -p**3 - 9*p**2 + 8*p - 13. Calculate the remainder when 19 is divided by d(j).
5
Let u(k) = -10*k - 94. Calculate the remainder when 177 is divided by u(-14).
39
Suppose 22 = 3*q - 59. Calculate the remainder when q is divided by 3*(-5 - ((-32)/12 - 3)).
1
Let f = 28 - 28. Suppose f*i + 110 = 5*i. Calculate the remainder when 42 is divided by i.
20
Let b = 1 - 0. Let o(a) = 10*a**2 - 5*a + 6. Let c be o(1). Let p = c - b. What is the remainder when p is divided by 6?
4
Let g(m) = -2*m**3 + 2*m**2 - 2*m - 4. Let f = 63 - 65. Calculate the remainder when 89 is divided by g(f).
17
Suppose -4*l + 7 - 3 = 0. Suppose 3*s - 35 = -8. Calculate the remainder when 1/l + -2 - -35 is divided by s.
7
Suppose -149 - 99 = -4*s. Suppose 22 = 4*p - s. Calculate the remainder when 39 - -1*(6 + -10 + 6) is divided by p.
20
Let d = 198 + -119. Suppose -160*h + 156*h + 80 = 0. Calculate the remainder when d is divided by h.
19
Suppose i + 1066 = c - 324, -4*c - 5*i + 5578 = 0. Suppose -9*w + c = -w. Calculate the remainder when w is divided by 25.
24
Let s = 26 - 29. Calculate the remainder when s/6 + (-855)/(-10) is divided by 29.
27
Calculate the remainder when 21/49 - (-34434)/63 is divided by 50.
47
Let p = -385 + 565. Suppose l + 57 = 2*y, -5*y - 3*l - 2*l = -p. Let i(b) = -b + 4. What is the remainder when y is divided by i(-7)?
9
Suppose 2*r = 28 + 48. Let v = 19 + -15. Suppose -2*w - 2*h = -222, 2 = 2*h + v. What is the remainder when w is divided by r?
36
Suppose -3*v + 12*v = -27. Calculate the remainder when 13 is divided by -3 + 3 - 2 - (-2 + v).
1
Let v = -923 - -996. Calculate the remainder when 576 is divided by v.
65
Suppose -2*n = -4*r - 28 - 94, -r = 2*n - 102. What is the remainder when 1006 is divided by n?
52
Let a(w) = 16*w + 34. Calculate the remainder when 282 is divided by a(4).
86
Suppose 2*o + 2*x - 182 = 0, -2*o - x = -2*x - 176. Let b(v) = 2*v + 16. Let k be b(-6). Suppose 349 = k*l + o. Calculate the remainder when l is divided by 33.
32
Suppose 2*c + 44 = 4*c. Calculate the remainder when 283 is divided by c.
19
Suppose i + 5*c + 13 + 2 = 0, -3*i + 3*c = -45. What is the remainder when 30 is divided by i?
0
What is the remainder when (-4369)/(-31) + (-58)/(-899) is divided by 25?
16
Let t(h) = -35*h**3 + h**2 - h - 1. Let z be t(-1). Calculate the remainder when -3 + 2*(-19)/(-1) is divided by (-2)/(((-40)/z)/5).
8
Let d = -25 + 108. Suppose 0 = -5*k - 2*p + 95, -2*k - 16 = 4*p - 70. Calculate the remainder when d is divided by k.
15
Let w(o) = 2*o + 3. Let x be w(7). Let p = x - 9. Suppose 3*y = -5*n + 77, 2*n = 4*n - 5*y - 6. What is the remainder when n is divided by p?
5
Suppose -189 = -6*b - 159. What is the remainder when 10 is divided by b?
0
Suppose 2*l - 8*q = -9*q + 164, -4*l = -3*q - 338. What is the remainder when 495 is divided by l?
80
Let a(q) = 2*q + 19. Let u(n) = -5*n - 39. Let m(o) = 5*a(o) + 3*u(o). Let v(r) = -18*r - 24. Calculate the remainder when v(-5) is divided by m(-9).
20
Let d = -1010 + 1019. Let s(i) = i**2 - i + 2. What is the remainder when s(5) is divided by d?
4
Let r be (-3)/(-12) + (-2)/8. Suppose 0*s + s - 4 = r, k - 32 = s. What is the remainder when ((-327)/(-6) + -2)/((-3)/(-4)) is divided by k?
34
Suppose -s = 5*x + 24, -2*x + 4*x = -10. Suppose -s = 5*b - 11. Suppose -4*l - b*f = -486, l - 5*f = -0*f + 138. What is the remainder when l is divided by 31?
30
What is the remainder when 700 + (-42)/3 + 9 is divided by 58?
57
Let m(d) = -39*d - 6. Let w be m(3). Let q = w + 281. Calculate the remainder when q is divided by 16.
14
Let x(l) = -l**3 + 4*l - 2. Let t be 51*3*4/(-36). Let v = 43 + t. What is the remainder when x(-5) is divided by v?
25
Let p = -21 - -25. Suppose -20 = p*x - o, x + 2*x + 4*o + 34 = 0. Let l = 12 - x. Calculate the remainder when 52 is divided by l.
16
Let q(m) = m**2 + m - 21. Let w be q(-6). Suppose -r = l - 2*r - w, l = -3*r - 7. Suppose 0 = -0*g - 2*g + 4. Calculate the remainder when l is divided by g.
1
Let m(k) = -k - 1. Let f be m(-6). Suppose f*i - 45 = -0*i. Suppose 3*y + a + 0*a - 47 = 0, y - i = 3*a. What is the remainder when y is divided by 8?
7
Let t(p) = -6*p + 33. Let l = 85 - 61. Calculate the remainder when t(-10) is divided by l.
21
Calculate the remainder when 349 is divided by (3888/96)/(3/2).
25
Let n(l) = -2*l**3 - 3*l**2 - 7*l - 7. What is the remainder when n(-3) is divided by 15?
11
Suppose 2*v + 1 = 163. Suppose 1 = -5*o - 14. What is the remainder when 25 is divided by ((-1)/o)/(3/v)?
7
Let j(g) = -g**3 - 9*g**2 - 2*g - 11. Let t be j(-9). Suppose 4*v = 107 - t. Let u = v + 2. What is the remainder when 106 is divided by u?
25
Let t(a) = 3*a**3 - 103*a**2 + 34*a + 68. Calculate the remainder when 326 is divided by t(34).
54
Suppose 2 = k - 2. Let g be k/(-10) + (-48)/(-20). Suppose -2*c + 3*z + z + 38 = 0, -32 = -g*c + z. Calculate the remainder when 41 is divided by c.
11
Let w be ((-1)/(-2) + -2)*24. Let d = 7 - w. Suppose 0 = -3*r + 41 - 8. Calculate the remainder when d is divided by r.
10
Suppose -226 - 930 = -17*q. What is the remainder when q is divided by 39?
29
Suppose 4*w = 22 + 22. Suppose -874*q + 872*q + 86 = 0. Calculate the remainder when q is divided by w.
10
Suppose -7 - 3 = -5*u. Let d = u + -13. Let w = 16 + d. What is the remainder when 12 is divided by w?
2
Suppose 3*s - 85 = -2*s. Let u = s - 11. What is the remainder when (-326)/(-22) + u/33 is divided by 6?
3
Let c = 19 + -26. What is the remainder when 2 + -6 - -1 - (c + -7) is divided by (9/(-2))/(6/(-8))?
5
Let j(p) = 2*p**2 - 4*p - 3. Let t be j(-2). Suppose 9*a = t*a - 8. Suppose -k + a*i - i + 32 = 0, k = 2*i + 33. Calculate the remainder when k is divided by 8.
7
Let u = -534 - -555. Let c = 7 - 2. Suppose 84 + 221 = c*i. Calculate the remainder when i is divided by u.
19
Suppose -y + 10 = 4*y. Suppose 0*v - 1 = -v. Calculate the remainder when 3/1*(0 + v) is divided by y.
1
Suppose 67*c = -18*c + 4080. What is the remainder when 77 is divided by c?
29
Suppose 6 = 4*u - 2*u. Suppose a = 5*a + 5*z - 123, -u = 3*z. Calculate the remainder when 223 is divided by a.
31
Calculate the remainder when 86 is divided by (-438)/(-24) - (-25)/(-100).
14
Let r(q) = -q**3 - 8*q**2 + 56*q. What is the remainder when 194 is divided by r(-13)?
77
Let h(i) = 17*i**2 - 2*i. What is the remainder when h(-1) is divided by 56/(-6)*(-1)/((-7)/(-6))?
3
Suppose -4*b = b + 1315. Let x = 519 + b. Let y = x + -140. Calculate the remainder when y is divided by 39.
38
Let f(b) = -8*b - 1 + 7 - 6*b - 7*b. Calculate the remainder when f(-2) is divided by 26.
22
Let m be (6/3 + -10)*57/(-12). Suppose 0*h - h = -3*u + 43, -3*u = -2*h - m. Calculate the remainder when u is divided by 6.
4
Suppose 0 = 3*j - 5*k - 51, 36*j - 13 = 35*j + 3*k. Calculate the remainder when 80 is divided by j.
14
Suppose -5*o - 5*o + 480 = 0. What is the remainder when o is divided by (-2 - -4)/(4/34)?
14
Calculate the remainder when 241 is divided by 3 + -5 - -44 - 7.
31
Suppose -b + 5 + 12 = q, 0 = 3*q - 3*b - 57. Calculate the remainder when 518 is divided by